= -7*y + 4*y + 35*y + 14*y. Is n(1) a prime number?
False
Let i(z) = -2*z**3 + 3*z**2 + 3*z - 1. Let b be ((-2)/4)/((-2)/12). Let a be i(b). Let j = a + 41. Is j a composite number?
True
Let d = -12 - -17. Let h = 7 - d. Suppose 104 = h*q - 66. Is q composite?
True
Let z(k) = 21*k - 1. Let q be z(1). Suppose 0 = t - 6*t + q. Is (-1005)/(-10)*t/6 prime?
True
Let l be 2/8 + (-1)/4. Suppose -2*u - 10 = l, 5*u + 16 = -3*k + 144. Is k a prime number?
False
Suppose 4*o - 8 = 3*o - x, -3*o + 2*x = -4. Suppose 5*y - k = 340, 5*y + o*k + k = 310. Is y composite?
False
Is (631/3)/(13/39) a prime number?
True
Let p be (12/9)/((-6)/9). Let f = p - 4. Let j(l) = -27*l + 1. Is j(f) composite?
False
Suppose 4*l - 3349 = -3*h, 0 = 2*l - h + 5*h - 1662. Is l a composite number?
True
Let c(n) = 49*n**3 + 4*n**2 + 4*n + 3. Let v be c(-2). Is ((-6)/18)/(1/v) a composite number?
False
Let h be (-2 - -161)/(2 - 1). Is (7/(-21))/((-1)/h) a composite number?
False
Suppose 0 = -5*k - 2*k + 6713. Is k prime?
False
Let n be 3 + (0 - (-4)/(-4)). Suppose n*d - 289 = d - 4*t, 3*d + 3*t - 894 = 0. Is d a prime number?
False
Is (-3 - -1)/(24/(-6492)) composite?
False
Let y = 1211 + -440. Is y a prime number?
False
Let p be (-3 + 105/6)*4. Let q = -40 + p. Suppose 2*v = 5*z + 27 + q, 0 = -4*v + 2*z + 130. Is v prime?
False
Let h(g) = g + 1. Let f be h(-5). Let x = -13 - -21. Is (38/x)/((-1)/f) a composite number?
False
Let o = 23 - 10. Suppose -4*p - 5*w = -o, -1 = 2*p + 3*w - 6. Is p prime?
True
Let a be 2/4*0/5. Suppose a = -3*d - 2*r + 1091, -2*d + 5*r = 3*d - 1835. Is d a prime number?
False
Suppose -f + 1060 + 989 = 0. Is f composite?
True
Suppose d = 5*r - 2*d - 15766, 4*d - 6322 = -2*r. Is r a composite number?
True
Suppose 3*o - 564 = -5*y, 2*o = -2*y - y + 339. Is y composite?
True
Suppose -c + 5107 = -k + 4*k, 0 = 5*k - 2*c - 8519. Is k composite?
True
Let i be (-5)/5*(-2)/2. Let w = 4 - i. Suppose -2*p = 5*o - 88, -2*p - w*o = -o - 82. Is p a prime number?
False
Let y(p) = 9*p - 4. Let f(c) = c**3 + 6*c**2 + 4*c - 7. Let g be f(-5). Let t be (-4)/2*11/g. Is y(t) composite?
True
Suppose 1608 = -2*h + 7330. Is h prime?
True
Let r(m) = m**2 + m - 1. Let k be r(1). Let y be (3/6)/(k/4). Suppose 3*f + y*f = 195. Is f a prime number?
False
Let q(f) = -f**2 + 3*f + 2. Let b be q(2). Suppose b*o + 4*k - 724 = -0*k, -4*k = 16. Is o composite?
True
Let j be (11/(-3))/(1/(-3)). Let i = j - -48. Is i a prime number?
True
Let w(v) = 8 - 8 + 29*v + 1. Let r be w(3). Let u = 1 + r. Is u a composite number?
False
Suppose w + 932 = 3*w. Is w a composite number?
True
Let l(s) = 7*s**2 - 3*s + 1. Let o be 7/(1 - (-1)/(-2)). Suppose 2*y - 3*y - o = 4*c, 3*c = -2*y - 8. Is l(y) prime?
True
Let j be 1467/9*(0 + 5). Suppose -j = -5*a + 3*x, 0*a + 2*x = -a + 163. Is a prime?
True
Suppose 0 = 3*x + j - 6 - 1, -5*j = 3*x - 11. Let y(i) = i + 8*i**x + 7*i**2 - 3*i**2. Is y(-2) composite?
True
Let v(r) = r**3 - 7*r**2 + r - 2. Let d be v(7). Let f(h) = 0*h + 2 + d - 2*h. Is f(-8) a composite number?
False
Let p = -123 - -196. Suppose -2*l + 825 = -p. Is l composite?
False
Suppose c + 12 = -3*c. Let l be (c - -7)/2*-3. Is (-5)/((-10)/l) - -77 prime?
False
Suppose -r = r. Suppose -j + 15 = 6*w - 4*w, -j + w + 21 = r. Suppose x - 2*x + j = 0. Is x a prime number?
True
Let y = 66 - -251. Is y a composite number?
False
Suppose 31 = h + 2*h + a, -5*h + 65 = -5*a. Is h a prime number?
True
Let r(m) = -m**2 - 4*m. Let f(h) = -2*h**2 - 11*h - 1. Let n(y) = 2*f(y) - 7*r(y). Is n(-5) a prime number?
True
Let m = -77 + 154. Let q = 29 - m. Let k = 41 - q. Is k a prime number?
True
Let f be 1*15*(-4)/(-12). Let p be ((-5)/f)/((-2)/6). Suppose p*s + s - 3*i - 493 = 0, 4*s - i = 503. Is s prime?
True
Let n be 15 - 5 - (1 + 1). Suppose n = -5*o - 7. Let p(d) = d**2 + 2*d + 3. Is p(o) composite?
True
Is 1006/3*(4 - 25/10) a prime number?
True
Let p be ((-10)/4)/((-2)/(-4)). Let d be 3 + -2 - (-2 - p). Let g(b) = 21*b**2 + 2. Is g(d) composite?
True
Let o(y) = y**3 - 7*y**2 + 6*y + 2. Let p be o(6). Suppose -p*t + 48 = -106. Is t composite?
True
Suppose 0*x = 2*x - 4. Let s = -5 + x. Is s*(-9 + 2)*1 prime?
False
Suppose s - t = 5*s - 1324, 4*s + 2*t = 1324. Is s a prime number?
True
Is (-22756)/(-6) - 3*(-3)/27 composite?
False
Suppose 3*d = 5*d. Suppose 4*j + 3*m - m - 468 = d, -m - 226 = -2*j. Is j composite?
True
Let w(r) = -42*r + 1. Is w(-8) prime?
True
Is (-1)/((1/93)/(7/(-21))) composite?
False
Suppose 2*n - 436 = -2*n. Let b = n + -35. Let c = b - 39. Is c composite?
True
Let t = -7250 - -10183. Is t a prime number?
False
Suppose 3*z = 2*a + 7, -9 - 6 = 3*z. Let m(n) = -n**3 - 11*n**2 + n + 13. Let k be m(a). Is (k/(-6))/((-8)/888) a composite number?
False
Let r(w) = -w**2 - 5*w - 6. Let x be (-46)/12 + (-2)/12. Let g be r(x). Is (191 - g) + 4 + -6 composite?
False
Let j be (-2 + 18)/(2/(-32)). Let l = j - -387. Is l a prime number?
True
Let l = 59 - 22. Is l a prime number?
True
Suppose -2*n = -5*n. Suppose n = -w - 95 + 382. Is w a prime number?
False
Let g be 4 + (-1 - -1) + -1. Is (g/(-3))/(4/(-844)) a composite number?
False
Suppose 924 = 4*y - 352. Is y prime?
False
Let d(n) = 29*n**2 - 9*n + 17. Is d(-5) prime?
True
Let b = -2 - -6. Let v be (-340)/(-51)*(-24)/(-5). Suppose -2*x + v = 3*o - 17, 52 = b*o - 4*x. Is o a composite number?
True
Let l(u) = -u - 4. Let y be l(-7). Let k be 3 - (3/y - -2). Is (-70 + k)*1/(-2) a prime number?
False
Let g = 2839 + -1716. Is g a prime number?
True
Suppose -4*i = 2*j - 40, j - 6 = -5*i + 5. Let s(q) = -q**3 - 9*q**2 - 12*q - 4. Let d be s(-9). Suppose 2*b - j = d. Is b prime?
False
Suppose 21*k - 10 = 20*k. Let u = k + -7. Is u a prime number?
True
Is ((-143)/(-26))/(1/34) a prime number?
False
Let b be ((-84)/10)/((-3)/20). Let k be 6/((6/b)/3). Let v = 247 - k. Is v composite?
False
Let l be ((-1 - -2) + -1)*-1. Suppose l = w - 6*w + 65. Is w a prime number?
True
Suppose -9*d + 10 = -7*d. Let n = 36 - d. Is n a prime number?
True
Suppose -57 = -5*i + 8. Is i a composite number?
False
Let j(n) = 37*n**3 - 4. Let t be j(3). Suppose 0 = o - 2*s - 0 + 1, -s + 23 = 2*o. Suppose -4*g + o*g = t. Is g composite?
False
Let t(v) = -v**3 - 12*v**2 - 4*v - 41. Is t(-12) composite?
False
Let y(u) = 2*u**2 - 3*u + 9. Is y(-4) a prime number?
True
Suppose 5*p - 11 + 6 = 3*x, -3*x - p = -1. Is 52 + (-2 - x - -3) a composite number?
False
Let s = 1794 - 257. Is s a composite number?
True
Suppose 5*i - 3*g - 544 - 268 = 0, -5*g = 5*i - 820. Is i composite?
False
Let v(d) = -d**2 + 2*d + 37. Let s be v(0). Suppose -s = -x - 15. Is x a prime number?
False
Let d(a) = a**3 - 4*a**2 + 2*a + 2. Let n be d(2). Let f be (-2 - n - 0)/1. Suppose s - 7 = -f. Is s prime?
True
Let h = -66 + 97. Is h a composite number?
False
Let o(r) = 24*r**2 + 2*r - 7. Is o(2) a composite number?
True
Suppose 3*m - 4*m + 166 = 0. Is m a prime number?
False
Suppose -2*y = 37 - 111. Is y a composite number?
False
Let s be 2/(-3)*9/(-2). Let r be (0 - s)*10/15. Is (8/(-6))/(r/33) a composite number?
True
Let r = -48 + 95. Is r composite?
False
Is -2 + (345 - 3)/2 composite?
True
Let w(c) = 156*c**3 + 3*c - 2. Is w(1) composite?
False
Let i be (-16)/(-4) + 0/1. Suppose i*c = m + 7*c + 1761, -3*m - 5343 = -3*c. Is 2/(-10) - m/30 a composite number?
False
Let v(b) = 791*b**2 + 3*b + 1. Is v(-1) a composite number?
True
Let l be 557 + 1 - (-1 + -1). Suppose 5*d = 5*g - 4*g - 84, -l = -5*g - 3*d. Is g composite?
False
Suppose -t = t - 12. Suppose 0 = v - 0*v + 5*c - 103, 0 = -2*c - t. Suppose u = -b + 5 + 50, -2*b = -2*u - v. Is b a composite number?
True
Let c(n) = n + 5. Let w be c(-8). Is w/((-9)/(-3))*-10 prime?
False
Let x(j) = -j**2 - 11*j + 3. Let q = -30 - -19. Let d be x(q). Suppose 55 = d*k - 56. Is k a composite number?
False
Suppose -12 = -3*r + 51. Let v be (-33)/(-7) + 6/r. Suppose v*s + 2*q - 243 = 0, 0*s + 43 = s - q. Is s a composite number?
False
Suppose -3*r + 13 = -17. Let i be 1/(-1*(-2)/r). Suppose z - 185 = -i*a, 37 = a - z - z. Is a a composite number?
False
Suppose -7*j + 3*j = -3*z + 8, -z = 4*j + 8. Let r = z - -4. Suppose -r*g = g - 105. Is g a composite number?
True
Let l(t) = 15*t**3 - t**2 + t - 1. Let x be 1/(1 - 0 - 0). Is l(x) a prime number?
False
Let r(f) = 59*f - 14